nder when 479184 is divided by 8118?
222
Calculate the remainder when 668733518 is divided by 679.
677
Calculate the remainder when 534618 is divided by 342.
72
What is the remainder when 2235637 is divided by 207?
37
Calculate the remainder when 4107181 is divided by 618.
571
Calculate the remainder when 292668670 is divided by 256.
254
Calculate the remainder when 74875 is divided by 964.
647
Calculate the remainder when 56382 is divided by 14089.
26
What is the remainder when 99241854 is divided by 56?
54
What is the remainder when 8872544 is divided by 10426?
18
What is the remainder when 933584 is divided by 466790?
4
Calculate the remainder when 10972535 is divided by 1567504.
7
What is the remainder when 1122134997 is divided by 200?
197
What is the remainder when 18644 is divided by 1866?
1850
What is the remainder when 4786815 is divided by 1524?
1455
Calculate the remainder when 534661556 is divided by 1836.
1832
Calculate the remainder when 2286376 is divided by 1191.
847
What is the remainder when 73270557 is divided by 32?
29
Calculate the remainder when 61354046 is divided by 448.
446
What is the remainder when 18274753 is divided by 148?
9
What is the remainder when 7286437 is divided by 140?
137
What is the remainder when 19127781 is divided by 697?
10
What is the remainder when 81123 is divided by 246?
189
What is the remainder when 27418748 is divided by 50?
48
Calculate the remainder when 8102873 is divided by 362.
227
Calculate the remainder when 124594 is divided by 4127.
784
What is the remainder when 1177666 is divided by 3139?
541
Calculate the remainder when 2732048 is divided by 1010.
1008
Calculate the remainder when 367311020 is divided by 8162467.
5
What is the remainder when 1476340 is divided by 138?
16
What is the remainder when 659941 is divided by 97?
50
What is the remainder when 2823244 is divided by 32451?
7
Calculate the remainder when 595629 is divided by 889.
888
What is the remainder when 1574381 is divided by 36?
29
Calculate the remainder when 162824 is divided by 81400.
24
What is the remainder when 336229 is divided by 1246?
1055
Calculate the remainder when 35793 is divided by 347.
52
Calculate the remainder when 208495 is divided by 69468.
91
What is the remainder when 14736809 is divided by 39?
35
What is the remainder when 329781 is divided by 333?
111
Calculate the remainder when 43909827 is divided by 68.
51
What is the remainder when 1337639 is divided by 28?
23
What is the remainder when 478504 is divided by 237862?
2780
What is the remainder when 631083 is divided by 216?
147
What is the remainder when 1326426 is divided by 1126?
1124
What is the remainder when 4859351 is divided by 41?
31
Calculate the remainder when 16013937 is divided by 481.
4
What is the remainder when 1572861 is divided by 49117?
1117
Calculate the remainder when 24760173 is divided by 1735.
1723
Calculate the remainder when 413991 is divided by 10206.
5751
Calculate the remainder when 4040435 is divided by 560.
35
Calculate the remainder when 197692 is divided by 15199.
105
What is the remainder when 1003430 is divided by 2286?
2162
What is the remainder when 93604 is divided by 2296?
1764
Calculate the remainder when 2139081 is divided by 14.
7
Calculate the remainder when 7230 is divided by 1325.
605
Calculate the remainder when 567104 is divided by 10178.
7314
What is the remainder when 112495953 is divided by 1499946?
3
What is the remainder when 431092 is divided by 45?
37
What is the remainder when 913823 is divided by 76149?
35
What is the remainder when 37133 is divided by 6130?
353
Calculate the remainder when 2599985 is divided by 1299971.
43
Calculate the remainder when 721478 is divided by 120137.
656
What is the remainder when 402190 is divided by 1377?
106
What is the remainder when 18643046 is divided by 272?
166
What is the remainder when 6801613 is divided by 66035?
8
What is the remainder when 309991887 is divided by 1339?
1336
What is the remainder when 3805213 is divided by 422799?
22
What is the remainder when 669072 is divided by 18079?
149
What is the remainder when 19031817 is divided by 27865?
22
What is the remainder when 1668418 is divided by 1116?
1114
What is the remainder when 96872 is divided by 48428?
16
Calculate the remainder when 1153686 is divided by 3505.
541
Calculate the remainder when 1793798 is divided by 48480.
38
Calculate the remainder when 1318394 is divided by 160.
154
Calculate the remainder when 19685747 is divided by 19.
18
Calculate the remainder when 2849979 is divided by 1424973.
33
What is the remainder when 2411397 is divided by 172216?
373
Calculate the remainder when 9289956 is divided by 492.
12
Calculate the remainder when 37136 is divided by 791.
750
What is the remainder when 191756411 is divided by 911?
21
Calculate the remainder when 60822787 is divided by 12164556.
7
What is the remainder when 1353216 is divided by 9742?
8820
Calculate the remainder when 14726719 is divided by 58.
55
What is the remainder when 10978 is divided by 1544?
170
Calculate the remainder when 1397455 is divided by 585.
475
Calculate the remainder when 325785 is divided by 380.
125
Calculate the remainder when 6885425 is divided by 2309.
2296
What is the remainder when 106659993 is divided by 27?
3
What is the remainder when 1806871 is divided by 920?
911
Calculate the remainder when 500883381 is divided by 948.
945
Calculate the remainder when 1254294 is divided by 708.
426
What is the remainder when 1037055 is divided by 2481?
2478
What is the remainder when 56251542 is divided by 148?
146
What is the remainder when 173340 is divided by 8250?
90
Calculate the remainder when 14997 is divided by 14838.
159
Calculate the remainder when 192892 is divided by 9626.
372
Calculate the remainder when 88074 is divided by 28482.
2628
What is the remainder when 3767193744 is divided by 665?
664
Calculate the remainder when 96946 is divided by 1055.
941
What is the remainder when 3259764 is divided by 38350?
14
What is the remainder when 7123285 is divided by 71?
68
Calculate the remainder when 4165722 is divided by 1388564.
30
What is the remainder when 814687 is divided by 560?
447
What is the remainder when 33090050 is divided by 251?
218
What is the remainder when 174305 is divided by 4057?
3911
Calculate the remainder when 250467 is divided by 49591.
2512
What is the remainder when 206410579 is divided by 3113?
1
Calculate the remainder when 7218 is divided by 251.
190
What is the remainder when 110622 is divided by 275?
72
What is the remainder when 232786 is divided by 231385?
1401
What is the remainder when 84058012 is divided by 38?
36
Calculate the remainder when 5798660 is divided by 5798642.
18
Calculate the remainder when 326348 is divided by 1133.
44
What is the remainder when 30545154 is divided by 4363593?
3
What is the remainder when 24998044 is divided by 73?
70
What is the remainder when 35800170 is divided by 1325?
1320
Calculate the remainder when 11365199 is divided by 3414.
3407
Calculate the remainder when 241880 is divided by 415.
350
What is the remainder when 130560 is divided by 1421?
1249
What is the remainder when 1164406 is divided by 797?
786
What is the remainder when 28224313 is divided by 184?
1
What is the remainder when 75714 is divided by 10812?
30
What is the remainder when 157740656 is divided by 1596?
1592
Calculate the remainder when 159932 is divided by 53118.
578
Calculate the remainder when 173952 is divided by 268.
20
Calculate the remainder when 1190106 is divided by 297511.
62
What is the remainder when 3385724 is divided by 35?
34
Calculate the remainder when 1913934 is divided by 603.
12
Calculate the remainder when 162181 is divided by 1150.
31
What is the remainder when 532498 is divided by 531388?
1110
What is the remainder when 1848343 is divided by 2683?
2439
What is the remainder when 7282336 is divided by 242742?
76
What is the remainder when 454580 is divided by 7085?
1140
What is the remainder when 9996 is divided by 2116?
1532
What is the remainder when 2056657 is divided by 704?
273
What is the remainder when 412309 is divided by 190?
9
What is the remainder when 1198460 is divided by 12228?
116
Calculate the remainder when 93